 18 + -13)) + -4.
40
Evaluate -8 - -24 - (45 + (-93 - -15)).
49
(38 - 0) + (25 - (82 - (6 - -63)))
50
Calculate (-9 - -1) + (14 + -1 + -19 - 19).
-33
What is the value of 16 - (28 - 19) - ((1 - 7) + -9)?
22
Calculate 1265 + -1339 + (-11 + (4 - 2) - (5 - 5)).
-83
What is the value of (0 - -26 - 24) + (-15 - (0 + -3))?
-10
Calculate 0 + 0 + 7 + (-114 - (72 - 226)).
47
What is the value of -111 - (-10 + -18 - 3 - -15)?
-95
What is the value of -1 + (-20 - -4) + 9 + 15 - (58 - 11)?
-40
What is -5 + 2 - -2 - 32 - (-84 + 92 - 13)?
-28
What is -91 - (27 - ((30 - 10) + -7 - -6))?
-99
Evaluate (-29 - -97) + (18 - 10).
76
Evaluate -35 - (-4 + (-8 - (11 + -32))).
-44
Evaluate (-1 + 1 - (0 + 47)) + -475 + 457.
-65
Calculate -36 + 48 + 16 + -38 + -72.
-82
(-32 - (2 + 1 - (-1 - -7))) + -342 + 335
-36
What is the value of (123 - (-51 + 60)) + -35?
79
What is the value of -34 - ((-2 - -22) + -39) - (0 + -6)?
-9
Evaluate 5 - (-5 - 16 - -10) - (14 - (78 + 9)).
89
What is 1 + 1 + -34 - (16684 - 16691)?
-25
76 + (-41 - -39) - 186
-112
-8 - (75 + -56 + -25 - (-2 + 0 + -19))
-23
What is 14 + 4 + -14 + (36 - -6)?
46
Evaluate -27 - (3 - (-2 + -9) - (5 + 0)).
-36
What is the value of -2 - (-3 + 1) - (-57 - -116 - 32)?
-27
Calculate (-91 - -78) + (2 - 2) + -26.
-39
What is the value of -1 - (48 + 10 + -2) - (34 - 54)?
-37
(15 - ((5 + -12 - -6) + 16)) + -87
-87
Evaluate -308 + 245 - (-18 - 21).
-24
Evaluate (2 - (-6 + -3 + 5)) + (38 - 66).
-22
Calculate 8 + (174 - 223) + 3 + 17 - 114.
-135
29 - (-29 + 50) - (-5 + (0 - -3))
10
-173 + (-40 - -58 - -24 - 5)
-136
198 - 100 - (-121 - -126)
93
Evaluate 7 + 4 - (0 - 0) - -30.
41
What is 18 + 31 - 113 - 35?
-99
(-22 + 43 - 8) + 34 + (4 - (5 - 1))
47
What is the value of 115 + (7 + -1 - (40 - 14) - -9)?
104
What is the value of (-67 - 1) + 16458 + -16250?
140
Calculate 64 + (9 + 23 - 36).
60
What is the value of ((16 - 20) + 74 - 28) + (0 - 10)?
32
What is the value of (1 - -3) + (18 - (-1 + 5)) + (215 - 216)?
17
Evaluate 42 + -2 + 39 + -6 + -63.
10
-14 + (-6 - -21) - -13 - 2
12
Evaluate (-420 - -373) + (11 + (1 - -3) - 2).
-34
Calculate (2 - (-5 + (-13 - (-28 + -4)))) + -118 + 9.
-121
What is the value of -14 - (8 - (-18 - -35)) - -11?
6
What is the value of (-34 - -13 - -13) + (-6 + 9 - 7 - -64)?
52
Evaluate 18 + (-67 - -154) + -68.
37
(-2 - -18) + (-22 - 14 - -22 - (2 - 7))
7
Calculate 147 + -154 - 4 - 98.
-109
What is -68 - -74 - (47 - 8)?
-33
Evaluate (-13 + -8 - -33) + 10.
22
Evaluate 13228 + -13234 + (-2 - -89).
81
What is 2 - (-23 - -16 - -13 - -26)?
-30
What is the value of -550 - -561 - (-4 + 22)?
-7
-10 - ((218 - 215) + -1 + -1 + 0 + -33)
22
Calculate -196 - -203 - (-12 - -54).
-35
What is the value of 243 - 258 - ((-72 - 1) + -9)?
67
What is (-1 - 105) + (103 - 206) + 89 + -1 + 26?
-95
What is -43 + 66 + (-14 - 27 - -4)?
-14
What is the value of -4 + -27 + 1 + (2916 - 2977)?
-91
Calculate 0 + -44 + -4 + -1 + (8 - -6) + 1.
-34
What is (2 - (5 + 6)) + -58 + 53?
-14
What is 63 + (8 - (10 - -4)) - 13?
44
What is the value of -7 - (-60 + 31 + -37 + 19)?
40
What is the value of 58 - ((20 - 19 - -8) + 4)?
45
What is 16 - (-21 - -5 - -50) - (-6 + 12)?
-24
-3 - ((-11 - -11) + -4 + (-5 - 2))
8
What is the value of 10 + -5 + 1 - (32 - 57)?
31
What is 47 + -1 - (-4949 + 5009)?
-14
What is the value of (2 - -13) + -1 + (-10 - -41 - 43) - -78?
80
What is -28 + 8 - 2 - -32 - (-1 - -12)?
-1
28 - 2 - ((-72 - -125) + -80)
53
Evaluate 0 + -19 + (23 - 0) + (38 + 29 - 88).
-17
What is 0 - -1 - (-9 + -2 - -21)?
-9
Calculate 3 + 5 + (5 - 0) - (3 - -16).
-6
What is the value of 8 + -78 + (-17 + 8 - 6) - -17?
-68
What is (-44 + 46 - (-2 - -7)) + 5 - 32?
-30
-9 - -7 - (-7 + (-73 - -2) + (0 - -13))
63
(-7 + 1 + 30 - -16) + (0 - -3)
43
What is (0 - (1 - -7)) + -20 + (32 - -1)?
5
Calculate -68 - (37 + 61 - 235).
69
3 + (6 - 18) + 21 - (85 - 2 - 1)
-70
Evaluate 30 + (69 - -8) + -43.
64
Calculate 58 - (-3 - (-1 + -3) - (0 - -13 - 13)).
57
Evaluate 2 + -5 + -99 + 28 + -37 + 17.
-94
What is the value of (-34 - (69 - 87)) + 30?
14
Calculate (-129 - (-93 + -31)) + 100.
95
(28 - 2 - (4 - (2 - 1))) + 35 + -32
26
What is the value of -7 - (0 - (-10 - 27)) - 15?
-59
67 - (17 + 1 + 3 + -9)
55
-19 - (0 + -7) - 6 - (418 + -339)
-97
Evaluate -7 + -2 + (-1 + -24 - (224 - 228)).
-30
Calculate -500 + 542 - (55 + 1).
-14
-228 + 221 + -7 + 10 - (-2 + 26 - -1)
-29
What is (-19 - -20) + -3 + -29 + -1 - 2?
-34
Calculate -62 + 62 - ((-1 - (-2 + -4)) + -46).
41
Calculate 39 + -51 - (-9 + 3) - (14 - 20).
0
-35 + -9 + 12 - (-1 - 22)
-9
21 - 5 - (-1 - 13 - -44)
-14
-6 + -39 - (91 - 260) - 13
111
-141 + (117 + 23 - -39)
38
What is 13 - 0 - (-7 + (-6 - -6) + 55)?
-35
What is 41 + -104 + 21 + 40?
-2
Evaluate 51 - (-4 - (2 - (0 + 21))).
36
Calculate -11 - -12 - (-8 + (96 + -2 - -9 - -9)).
-103
(-283 - -287) + (0 - (-1 + 1)) + 5 - -15
24
Calculate (2 - -36) + -230 + 301 + -103.
6
Evaluate -98 + (19 - (-11 - -14)) + 45 + -48.
-85
Evaluate (-1 - -22) + -114 + -140 + 254.
21
-76 + (-62 - -67) + 99
28
What is (-3 - (-38 - -8)) + 0 + -4 + 1?
24
What is the value of 0 - -1 - 52 - (-2285 - -2287)?
-53
(12 - 117) + 97 + -70
-78
Calculate -82 + 94 + 20 + 54.
86
What is -49 - (40 + -340 + 154)?
97
Calculate (2 - -59) + 43 + (-36 - -35 - 56).
47
What is the value of 24 - 25 - (-106 + -8) - 19?
94
What is the value of (6 - ((-8 - -32) + -10 + -18)) + 52 + 6?
68
What is the value of -50 + -1 + (-19 - -14) + 10?
-46
Calculate -29 - 11 - 9 - -34.
-15
Calculate -3 + -2 + 3 + 4 - (18 + -61 + 18).
27
Evaluate 10 + 7 + (4 - 9) + -4 + (5 - -1).
14
What is the value of -69 + -6 + 67 + -34 + -3?
-45
What is the value of (7 - 3) + (102 + 23 + -7 - (2 - 0))?
120
Evaluate -3 + -25 - 3 - ((-16 - 4) + 15 - -21).
-47
35 + -54 + (-241 - -162)
-98
What is the value of 17 - 0 - (111 + (77 - 36) + -20)?
-115
Evaluate -23 + -26 + (50 - 47).
-46
Evaluate (-2 - -16) + -61 + 66.
19
-14 - (-32 + -10 + 102 - -4)
-78
What is the value of 162 - 181 - (-13 + -11)?
5
Evaluate 749 - 764 - (-1 + -56).
42
What is (31 - (133 - 92)) + 53 + -1?
42
What is 89 - ((-15 - (-11 + (-2 - (9 - -6)))) + 0)?
76
What is (5 - 0) + (-3648 - -3645) - (74 - 0)?
-72
What is the value of 23 + -13 + 7 - 42 - ((2 - 3) + 7)?
-31
What is 3 + 0 + -10 + (-432 - -455) + -15?
1
What is the value of -14 - (28 + (-38 - -19) - 24)?
1
Evaluate (12 + 3 + -11 - (-73 - -90)) + 100.
87
Calculate -10 - (11 + (-30 - -8) + 13 - -12 - 131).
107
What is the value of (15 - 4) + -3 + (9 - 4 - 18)?
-5
What is -46 + 77 + -37 + 13?
7
1 - (7 - (10 + (0 - 11)))
-7
Calculate -74 + 10 + -6 + -8 + (11 - -1) + 5.
-61
Calculate -18 + 30 + -10 + -132 - -25.
-105
Calculate (50 - (125 + -79)) + (0 - -24).
28
Evaluate -11 + -6 + -51 + 47 - -50.
29
-34 + 10 + 5 - (-4 + 7 + 0)
-22
Evaluate (125 - 54 - 64) + -38.
-31
Calculate 5 + 103 + (-14 - -26).
120
Calculate -112 - (33 + 3 - 15 - 48).
-85
Calculate -17 - (-12 - (-23 + 4 + 160 + -17)).
119
Evaluate (-4 - (10 + -24)) + (11 - 15) + -71.
-65
(-21 - -8) + 46 - (18 - (9 - -6))
30
3 + -21 - -18 - (73 + 0) - (-29 + 17)
-61
What is the value of -5 + 9 + 5 + 11 - 7?
13
Calculate (-1 - (8 + -15 - 8 - -2)) + -16.
-4
Evaluate 35 + -125 + 160 - (2 + -2 + (-3 - 2)).
75
What is the value of (-44 - 45) + 74 + 6?
-9
Calculate 7 - (-22 - -2 - (243 - 232)).
38
What is the value of -42 - (-71 - -140 - 57)?
-54
What is 71 - (-141 + (157 - 84))?
139
What is the value of -5 + 105 + (0 - 2) - (-3 - -15) - 10?
76
What is the value of (206 - 209 - (1 - (-2 - (3 - 3)))) + -65?
-71
What is (3 - -1) + -2 + -9 + (35 + 17 - 24)?
21
What is -6643 + 6625 + (104 - 2)?
84
What is 9 - -123 - (-99 - -350)?
-119
What is (-14 + 9 + 3 - 51) + 1 + -11 + 5?
-58
Calculate (-17 - (-4 + (17 + 5 - 61))) + 10.
36
-29 + -28 + 42 - (-5 - (78 - -3))
71
What is (-15 + 27 - (3 - (1 - 6))) + -36 + 4?
-28
Evaluate (0 + -17 - (88 + -104)) + -1.
-2
Evaluate -971 - -962 - (1 - 1 - -1 - 40).
30
What is 58 - (3 + 1) - (-15 - (43 - 66))?
46
Calculate 122 + (-13 - ((0 - -9) + (-31 - -17) - 4)).
118
What is the value of (44 - (-28 + -23 + 27)) + (-1 - 11)?
56
What is (12 - (-5 - 78)) + (-33 - -26)?
88
Evaluate (17 + -33 + 23 - 3) + 4 + -132.
-124
Evaluate -15 + 11 + (44 - 14 - 3).
23
Calculate -9 + 10 + (-7 + 14 - 16 - -2).
-6
Calculate -49 + (-23 - -78 - 22 - 21).
-37
Evaluate -47